e factors of a.
2
Let x(m) be the third derivative of -m**6/40 - m**5/15 - m**4/6 + 7*m**3/6 + 30*m**2. What are the prime factors of x(-4)?
151
Let m(w) = 806*w**2 - 4*w + 4. List the prime factors of m(2).
2, 5, 7, 23
Let o(v) = -21*v + 2. Let p(n) = 32*n - 3. Let k(b) = -8*o(b) - 5*p(b). Let j(x) = x**3 + 5*x**2 + 4*x + 2. Let s be j(-4). List the prime factors of k(s).
3, 5
Let q = -814 + 1113. What are the prime factors of q?
13, 23
Let y = 965 - -110. List the prime factors of y.
5, 43
Let i be (-5)/(-60)*-2 + 745/6. Suppose 2*g - 254 = i. List the prime factors of g.
3, 7
Let d = -318 - -303. Suppose -s + 3 = -n, -11 = 4*n + 4*s + 1. List the prime factors of 26 + (3 - d/n).
2, 3
Let b(x) = -2*x**3 - 3*x**2 + 5*x + 5. Let p be b(-5). Suppose l = 6*l - p. List the prime factors of l.
31
Suppose -4*b - 4 = -3*b + r, 0 = b + 2*r + 4. Let y(v) = -4*v**3 - 7*v**2 + 5*v - 3. List the prime factors of y(b).
11
Let h(d) = 25*d - 8. Let o(s) = 325*s - 105. Let x(a) = -40*h(a) + 3*o(a). What are the prime factors of x(-4)?
3, 5, 7
Suppose 6210 = 5*p + 2*v, -16*p - 1230 = -17*p + 2*v. What are the prime factors of p?
2, 5, 31
Suppose -4*o + 1693 = -835. List the prime factors of o.
2, 79
Suppose -i - 365 = -2*r, r + 1816 + 42 = -5*i. Let a = i - -658. What are the prime factors of a?
7, 41
Suppose -4*o - 3*g = -23, o = 4*o - 2*g + 4. Suppose 4*p - 321 = 3*z, 5*p + 0*z - o*z = 403. What are the prime factors of p?
3
List the prime factors of -3 - (2658/9)/((-1)/3).
883
Let c(r) = -r**3 + 3*r**2 + 3*r - 2. Suppose 6*y = 4*y - 2. Let b be (3 - y) + (-8)/8. What are the prime factors of c(b)?
7
Let h = -16 + 35. List the prime factors of h.
19
Suppose 22*q - 304 = 2930. List the prime factors of q.
3, 7
Let f be 3 - (-16)/(-3) - (-4)/(-6). Let h = f - -102. What are the prime factors of h?
3, 11
Let x(g) = 3*g + 4. Let w be x(-3). Let c(r) = -r**3 - 8*r**2 - 4*r + 15. Let v be c(-7). What are the prime factors of (v*2)/(w/10)?
2, 3
Suppose 0 = 2*s - 2394 - 66. What are the prime factors of s?
2, 3, 5, 41
Let s(n) = -n**2 + 5*n + 1. Let f be s(4). Suppose 0*i = 3*i - f*p - 31, 3*i + 19 = -5*p. List the prime factors of i/15 + 5656/105.
2, 3
Suppose 0 = 2*k + 5*q - 36, -5*q - 6 = -4*k + 6. Let v be 264 - 3*k/6. Suppose v = 5*d - 4*r, -2*d - r + 2*r = -101. What are the prime factors of d?
2, 3
Let w(u) = 2*u + 2*u - 1 - 5*u. Let b be w(-4). Suppose x + 3*x = -4*c + 160, 15 = b*x. List the prime factors of c.
5, 7
Suppose -2*g + r - 2 = 0, -2*g = -g + r - 5. Let b(q) = 19*q. What are the prime factors of b(g)?
19
Let j = 13 + -10. Suppose 4*s - j = -11. List the prime factors of ((-30)/(-25))/(s/(-35)).
3, 7
What are the prime factors of -1 - (-718)/6 - 8/(-24)?
7, 17
Suppose a - 5*a = 4*h - 20, 25 = 5*h - 3*a. Suppose h*x = 3*g + 215, -4*x + g + 204 = 32. List the prime factors of x.
43
Suppose -2*q = -3*z + 473, -z + 139 = q - 27. Suppose -689 = -5*c + z. List the prime factors of c.
2, 5, 17
Suppose -6*n + 8*n - 336 = 0. What are the prime factors of n?
2, 3, 7
Suppose 131*m - 118*m = 6448. List the prime factors of m.
2, 31
Let g(j) = 6*j**3 - 14*j**2 + 11*j + 5. List the prime factors of g(6).
863
Suppose 3*f = 4*g - 325, -2*f - 161 = -2*g + f. Suppose 6*y = 4*y + g. What are the prime factors of y?
41
Suppose -10 = -2*h, 6*k = 3*k + h + 55. List the prime factors of (-5 - -33)/(8/k).
2, 5, 7
Let u be 4/(-10) - 8/(-20). Let x be u - 1 - (-3 + 0). Suppose x*o + 5 - 1 = 0, 0 = 4*l + 2*o - 40. What are the prime factors of l?
11
Suppose -32*j = -22*j - 2770. What are the prime factors of j?
277
Let r(t) = 91*t - 121. List the prime factors of r(5).
2, 167
Let h = 20 - 20. Let x(k) = -k**3 + k + 67. Let s be x(h). Let r = s + -39. List the prime factors of r.
2, 7
Let m = 17 - 52. List the prime factors of (-40)/(-6)*(-168)/m.
2
Let h = 18 - 13. Suppose -1 = -4*g - h. List the prime factors of 26 + (1 - (g - -1)).
3
List the prime factors of (-1)/(-2) + -1 - (-525942)/244.
5, 431
Suppose 24121 = 5*u + w, 0*w + 2*w = -4*u + 19292. What are the prime factors of u?
5, 193
Suppose 3*i - 908 = i. List the prime factors of i.
2, 227
Suppose 3*n - 507 = -2*f, 0*n - 3*n + 513 = 4*f. Let z = -103 + n. Suppose 4*o - 32 = z. What are the prime factors of o?
2, 3
Suppose -3*v - 18 = 4*q, 4*v = q - 21 - 3. Let u be 4496/(-18) - v/(-27). What are the prime factors of (u/15)/(4/(-6))?
5
Let g(y) be the second derivative of 7*y**4/6 + 2*y**2 - y. Let s(i) be the first derivative of g(i). List the prime factors of s(1).
2, 7
Let i be (-313)/15 - (-4)/(-30) - -4. Let b(r) = -3*r + 8. What are the prime factors of b(i)?
59
Suppose 8*v = 10*v - 8. Suppose -v*q - 360 = -9*q. What are the prime factors of q?
2, 3
Suppose -2*i + 22 = 16. Suppose -3*k - 4*p + 28 = 0, -i*k = -0*k - 4*p - 68. What are the prime factors of k?
2
Let w = 888 + -389. List the prime factors of w.
499
Let z(l) = -l**3 + 29*l**2 - 6*l + 196. List the prime factors of z(27).
2, 373
Let o = 12 + 8. Suppose -4*i = h - 64, i = -3*i - o. What are the prime factors of h?
2, 3, 7
What are the prime factors of 12*2/6 + 455?
3, 17
Let f = 31 - 25. Suppose x = f*x + 20. What are the prime factors of 30/((-3)/x*1)?
2, 5
List the prime factors of ((-247)/(-26) + -12)/(1/(-694)).
5, 347
Let n = 2758 + -1469. List the prime factors of n.
1289
Suppose 0 = 5*d + 5*c - 0*c - 10, 0 = 5*d - c - 22. What are the prime factors of (0/5 + d)*4?
2
Suppose -4*l = 4*f - 212, 5*l = 3*f - 158 + 7. List the prime factors of f.
2, 13
Suppose 4*q - 1050 = -6*q. Suppose 3*p = 3*g - 852, -5*p + q = 2*g - 463. What are the prime factors of g?
2, 71
Let s(g) be the second derivative of 5*g**4/12 - 9*g**2 + 19*g. List the prime factors of s(5).
107
Suppose -177 = -a + 3*n + 391, 1700 = 3*a - 5*n. What are the prime factors of a?
5, 113
What are the prime factors of 556 + (-4)/(-18) + (-66)/297?
2, 139
Let p be (-12)/20*7*-5. Suppose t + p = -6*t. Let z = 30 + t. What are the prime factors of z?
3
Suppose 1845 = 36*o - 819. What are the prime factors of o?
2, 37
Let w(o) = -o**2 - 6*o - 24. Let t be w(-9). What are the prime factors of 0 + -7 + 3 - t?
47
Let j = 140 + -133. Let x = j + 95. What are the prime factors of x?
2, 3, 17
Let y(x) = -3*x - 3. Let n be y(3). Let t(r) = -r**2 - 19*r + 7. Let h(u) = u + 1. Let z(d) = 4*h(d) + t(d). List the prime factors of z(n).
47
Suppose -35*v + 23*v + 1908 = 0. List the prime factors of v.
3, 53
Let a = -14 - -9. What are the prime factors of (-6 - a) + 26*21/3?
181
Let y(c) = c - 14. Let j be y(17). Suppose 0*p + 3*q = -p + 85, j*p + 5*q - 275 = 0. What are the prime factors of p?
2, 5
Let z(u) = -u - 5 + 4*u + 7 - u. Let h be z(5). Suppose h + 10 = x. List the prime factors of x.
2, 11
Suppose 0*l - 54 = -3*l + 3*v, -3*l - 3*v = -84. Suppose -l*j = -18*j - 325. What are the prime factors of j?
5, 13
Let g = -36 - -91. Suppose -4*z - f = f - 146, 2*z = 5*f + g. What are the prime factors of z?
5, 7
Let l = 108 - 101. Suppose -l*s - 92 = -1156. List the prime factors of s.
2, 19
Let u = -82 - -79. What are the prime factors of 3 + u - (-2 - 163)?
3, 5, 11
Let s(y) = 299*y**3 + y. Let k be s(1). Let z be k/(-5)*(-3)/4. Suppose -x + 4*v = -z, 4*x - 4*v = -2 + 146. What are the prime factors of x?
3, 11
Let s(g) = g**2 + 2*g - 8. Let q be s(-6). Suppose 6*p - q = 14. List the prime factors of p.
5
Let p(t) = 3*t**2 + t. Let s be p(2). Suppose l + s = 96. Suppose 5*y - l - 98 = 0. List the prime factors of y.
2, 3
Let o(r) = r**3 + 8*r**2 + 5*r + 5. Let j = 20 + -24. List the prime factors of o(j).
7
List the prime factors of 95/(-38)*(-976)/10.
2, 61
Let b(s) = -2*s**2 + 8*s + 6. Let q be b(-6). Let k be ((-54)/(-24))/((-15)/520). Let u = k - q. What are the prime factors of u?
2, 3
List the prime factors of (1958/110 - 11)*1090/4.
17, 109
Suppose 5*m + 0*m = 0. Suppose m = 3*z - 5*f - 63, z - 5 = -2*f + 16. List the prime factors of z + 1 + 2*1.
2, 3
Suppose 2*o = -2*t + 294, o + 717 = 5*t - 0*t. Let f = t + -77. List the prime factors of f.
67
Suppose 8*a = 7*a + 10. Let j(k) = 2*k**2 - 12*k - 12. Let f be j(a). Suppose -i + 3*t + 22 = 0, -5*i + f = -5*t + 4*t. What are the prime factors of i?
13
Let x(b) = 7*b**3 - 21*b**2 - 19*b - 30. Let v(j) = -3*j**3 + 11*j**2 + 10*j + 15. Let w(o) = -5